{"id":56,"date":"2023-10-10T14:51:04","date_gmt":"2023-10-10T17:51:04","guid":{"rendered":"https:\/\/sepid.com.ar\/test\/?post_type=product&#038;p=56"},"modified":"2023-11-06T11:02:36","modified_gmt":"2023-11-06T14:02:36","slug":"cpap-autocpap-bmc-g2s","status":"publish","type":"product","link":"https:\/\/sepid.com.ar\/test\/?product=cpap-autocpap-bmc-g2s","title":{"rendered":"CPAP \/ AutoCPAP \u2013 BMC G2S"},"content":{"rendered":"<p><span style=\"font-weight: 400;\">Este dispositivo cuenta con una amplia gama de funciones pr\u00e1cticas, como el tiempo de retardo, la compensaci\u00f3n de fugas de aire, Reslex y modos de encendido y apagado autom\u00e1tico, entre otros. Proporciona m\u00faltiples opciones de acceso a los informes de uso, ya sea a trav\u00e9s de una aplicaci\u00f3n m\u00f3vil, el dispositivo mismo, una computadora o una plataforma de gesti\u00f3n de salud respiratoria.<\/span><\/p>\n<p>&nbsp;<\/p>\n<ul>\n<li><span style=\"font-weight: 400;\">Humidificador integrado,\u00a0<\/span><\/li>\n<li><span style=\"font-weight: 400;\">Dise\u00f1o compacto, liviano y amigable.<\/span><\/li>\n<li><span style=\"font-weight: 400;\">Pantalla a color de 2.4 pulgadas.<\/span><\/li>\n<li><span style=\"font-weight: 400;\">Interfaz intuitiva con 18 idiomas.<\/span><\/li>\n<li><span style=\"font-weight: 400;\">Panel de control de 3 botones y f\u00e1cil de utilizar.<\/span><\/li>\n<\/ul>\n","protected":false},"excerpt":{"rendered":"<p><span style=\"font-weight: 400;\">El BMC G2S A20\/C20 es un dispositivo CPAP de presi\u00f3n autoajustable que incluye un humidificador integrado, dise\u00f1ado para el tratamiento de la apnea obstructiva del sue\u00f1o (AOS) en adultos, ya sea en un entorno hospitalario o en la comodidad de su hogar. Con un interfaz intuitivo, rendimiento estable y notables caracter\u00edsticas de comodidad.<\/span><\/p>\n","protected":false},"featured_media":11616,"template":"","meta":{"_joinchat":[]},"product_cat":[26,21,16],"product_tag":[],"class_list":{"0":"post-56","1":"product","2":"type-product","3":"status-publish","4":"has-post-thumbnail","6":"product_cat-cpap-auto-cpap","7":"product_cat-terapia-de-sueno","8":"product_cat-home-care","10":"first","11":"instock","12":"shipping-taxable","13":"product-type-simple"},"_links":{"self":[{"href":"https:\/\/sepid.com.ar\/test\/index.php?rest_route=\/wp\/v2\/product\/56","targetHints":{"allow":["GET"]}}],"collection":[{"href":"https:\/\/sepid.com.ar\/test\/index.php?rest_route=\/wp\/v2\/product"}],"about":[{"href":"https:\/\/sepid.com.ar\/test\/index.php?rest_route=\/wp\/v2\/types\/product"}],"version-history":[{"count":4,"href":"https:\/\/sepid.com.ar\/test\/index.php?rest_route=\/wp\/v2\/product\/56\/revisions"}],"predecessor-version":[{"id":12826,"href":"https:\/\/sepid.com.ar\/test\/index.php?rest_route=\/wp\/v2\/product\/56\/revisions\/12826"}],"wp:featuredmedia":[{"embeddable":true,"href":"https:\/\/sepid.com.ar\/test\/index.php?rest_route=\/wp\/v2\/media\/11616"}],"wp:attachment":[{"href":"https:\/\/sepid.com.ar\/test\/index.php?rest_route=%2Fwp%2Fv2%2Fmedia&parent=56"}],"wp:term":[{"taxonomy":"product_cat","embeddable":true,"href":"https:\/\/sepid.com.ar\/test\/index.php?rest_route=%2Fwp%2Fv2%2Fproduct_cat&post=56"},{"taxonomy":"product_tag","embeddable":true,"href":"https:\/\/sepid.com.ar\/test\/index.php?rest_route=%2Fwp%2Fv2%2Fproduct_tag&post=56"}],"curies":[{"name":"wp","href":"https:\/\/api.w.org\/{rel}","templated":true}]}}