{"id":55,"date":"2023-10-10T14:49:32","date_gmt":"2023-10-10T17:49:32","guid":{"rendered":"https:\/\/sepid.com.ar\/test\/?post_type=product&#038;p=55"},"modified":"2023-11-06T09:14:55","modified_gmt":"2023-11-06T12:14:55","slug":"cpap-autocpap-resmart-gii","status":"publish","type":"product","link":"https:\/\/sepid.com.ar\/test\/?product=cpap-autocpap-resmart-gii","title":{"rendered":"CPAP \/ AutoCPAP \u2013 RESmart GII"},"content":{"rendered":"<ul>\n<li style=\"font-weight: 400;\" aria-level=\"1\"><span style=\"font-weight: 400;\">Compensaci\u00f3n autom\u00e1tica de\u00a0 fugas y\u00a0 por Altitud PARA GARANTIZAR LA EXACTITUD DE LA TERAPIA<\/span><\/li>\n<li style=\"font-weight: 400;\" aria-level=\"1\"><span style=\"font-weight: 400;\">Funci\u00f3n de retardo en el apagado.\u00a0<\/span><\/li>\n<li style=\"font-weight: 400;\" aria-level=\"1\"><span style=\"font-weight: 400;\">Funcionamiento silencioso.<\/span><\/li>\n<li style=\"font-weight: 400;\" aria-level=\"1\"><span style=\"font-weight: 400;\">Pantalla LCD a color de 2.4 pulgadas.<\/span><\/li>\n<li style=\"font-weight: 400;\" aria-level=\"1\"><span style=\"font-weight: 400;\">Tecnolog\u00eda Eco Smart con innovadora c\u00e1mara dual, lo que permite que su humidificador act\u00fae en tiempo real.<\/span><\/li>\n<li style=\"font-weight: 400;\" aria-level=\"1\"><span style=\"font-weight: 400;\">Spo2 kit (opcional) visualizaci\u00f3n de pulso y de saturaci\u00f3n de ox\u00edgeno en la sangre.<\/span><\/li>\n<li style=\"font-weight: 400;\" aria-level=\"1\"><span style=\"font-weight: 400;\">Nivel Sonoro: \u02c2 30 dB *Cuando el dispositivo est\u00e1 funcionando a 10 cmH2O.<\/span><\/li>\n<\/ul>\n","protected":false},"excerpt":{"rendered":"<p>CPAP Gll de BMC es un dispositivo m\u00e9dico utilizado en el tratamiento de las apneas y otros trastornos respiratorios durante el sue\u00f1o, proporcionando una presi\u00f3n positiva constante de aire a trav\u00e9s de una m\u00e1scara facial o nasal, lo que ayuda a prevenir la obstrucci\u00f3n de las v\u00edas respiratorias, mejorando la calidad del sue\u00f1o.<\/p>\n","protected":false},"featured_media":11621,"template":"","meta":{"_joinchat":[]},"product_cat":[26,21,16],"product_tag":[],"class_list":{"0":"post-55","1":"product","2":"type-product","3":"status-publish","4":"has-post-thumbnail","6":"product_cat-cpap-auto-cpap","7":"product_cat-terapia-de-sueno","8":"product_cat-home-care","10":"first","11":"instock","12":"shipping-taxable","13":"product-type-simple"},"_links":{"self":[{"href":"https:\/\/sepid.com.ar\/test\/index.php?rest_route=\/wp\/v2\/product\/55","targetHints":{"allow":["GET"]}}],"collection":[{"href":"https:\/\/sepid.com.ar\/test\/index.php?rest_route=\/wp\/v2\/product"}],"about":[{"href":"https:\/\/sepid.com.ar\/test\/index.php?rest_route=\/wp\/v2\/types\/product"}],"version-history":[{"count":5,"href":"https:\/\/sepid.com.ar\/test\/index.php?rest_route=\/wp\/v2\/product\/55\/revisions"}],"predecessor-version":[{"id":12825,"href":"https:\/\/sepid.com.ar\/test\/index.php?rest_route=\/wp\/v2\/product\/55\/revisions\/12825"}],"wp:featuredmedia":[{"embeddable":true,"href":"https:\/\/sepid.com.ar\/test\/index.php?rest_route=\/wp\/v2\/media\/11621"}],"wp:attachment":[{"href":"https:\/\/sepid.com.ar\/test\/index.php?rest_route=%2Fwp%2Fv2%2Fmedia&parent=55"}],"wp:term":[{"taxonomy":"product_cat","embeddable":true,"href":"https:\/\/sepid.com.ar\/test\/index.php?rest_route=%2Fwp%2Fv2%2Fproduct_cat&post=55"},{"taxonomy":"product_tag","embeddable":true,"href":"https:\/\/sepid.com.ar\/test\/index.php?rest_route=%2Fwp%2Fv2%2Fproduct_tag&post=55"}],"curies":[{"name":"wp","href":"https:\/\/api.w.org\/{rel}","templated":true}]}}