{"id":36,"date":"2023-10-10T14:34:06","date_gmt":"2023-10-10T17:34:06","guid":{"rendered":"https:\/\/sepid.com.ar\/test\/?post_type=product&#038;p=36"},"modified":"2023-11-17T13:37:01","modified_gmt":"2023-11-17T16:37:01","slug":"inogen-at-home","status":"publish","type":"product","link":"https:\/\/sepid.com.ar\/test\/?product=inogen-at-home","title":{"rendered":"Inogen At Home"},"content":{"rendered":"","protected":false},"excerpt":{"rendered":"<p>La elecci\u00f3n perfecta en la oxigenoterapia a domicilio.<\/p>\n<p>Inogen At Home es el concentrador dom\u00e9stico m\u00e1s peque\u00f1o y liviano del mercado. Consume menos electricidad. Su forma elegante y compacta fue dise\u00f1ada intencionalmente para ser discreta y f\u00e1cil de transportar. Con su operaci\u00f3n de 3 botones, Inogen At Home es f\u00e1cil de usar y mantener. Est\u00e1 dise\u00f1ado para ser utilizado en todo momento durante el d\u00eda o la noche y tiene una impresionante vida \u00fatil del compresor.<\/p>\n","protected":false},"featured_media":12387,"template":"","meta":{"_joinchat":[]},"product_cat":[32,22,16],"product_tag":[],"class_list":{"0":"post-36","1":"product","2":"type-product","3":"status-publish","4":"has-post-thumbnail","6":"product_cat-concentradores-de-portatiles","7":"product_cat-oxigenoterapia","8":"product_cat-home-care","10":"first","11":"instock","12":"shipping-taxable","13":"product-type-simple"},"_links":{"self":[{"href":"https:\/\/sepid.com.ar\/test\/index.php?rest_route=\/wp\/v2\/product\/36","targetHints":{"allow":["GET"]}}],"collection":[{"href":"https:\/\/sepid.com.ar\/test\/index.php?rest_route=\/wp\/v2\/product"}],"about":[{"href":"https:\/\/sepid.com.ar\/test\/index.php?rest_route=\/wp\/v2\/types\/product"}],"version-history":[{"count":1,"href":"https:\/\/sepid.com.ar\/test\/index.php?rest_route=\/wp\/v2\/product\/36\/revisions"}],"predecessor-version":[{"id":12390,"href":"https:\/\/sepid.com.ar\/test\/index.php?rest_route=\/wp\/v2\/product\/36\/revisions\/12390"}],"wp:featuredmedia":[{"embeddable":true,"href":"https:\/\/sepid.com.ar\/test\/index.php?rest_route=\/wp\/v2\/media\/12387"}],"wp:attachment":[{"href":"https:\/\/sepid.com.ar\/test\/index.php?rest_route=%2Fwp%2Fv2%2Fmedia&parent=36"}],"wp:term":[{"taxonomy":"product_cat","embeddable":true,"href":"https:\/\/sepid.com.ar\/test\/index.php?rest_route=%2Fwp%2Fv2%2Fproduct_cat&post=36"},{"taxonomy":"product_tag","embeddable":true,"href":"https:\/\/sepid.com.ar\/test\/index.php?rest_route=%2Fwp%2Fv2%2Fproduct_tag&post=36"}],"curies":[{"name":"wp","href":"https:\/\/api.w.org\/{rel}","templated":true}]}}