{"id":12929,"date":"2023-11-07T09:12:09","date_gmt":"2023-11-07T12:12:09","guid":{"rendered":"https:\/\/sepid.com.ar\/test\/?post_type=product&#038;p=12929"},"modified":"2023-11-07T09:12:09","modified_gmt":"2023-11-07T12:12:09","slug":"mascara-nasal-n5h","status":"publish","type":"product","link":"https:\/\/sepid.com.ar\/test\/?product=mascara-nasal-n5h","title":{"rendered":"M\u00e1scara Nasal N5H"},"content":{"rendered":"<p><b>Caracter\u00edsticas<\/b><\/p>\n<ul>\n<li style=\"font-weight: 400;\" aria-level=\"1\"><span style=\"font-weight: 400;\">El coj\u00edn con ranura ofrece un ajuste inteligente.<\/span><\/li>\n<li style=\"font-weight: 400;\" aria-level=\"1\"><span style=\"font-weight: 400;\">El marco principal basado en plataforma ayuda a un montaje y desmontaje r\u00e1pidos.<\/span><\/li>\n<li style=\"font-weight: 400;\" aria-level=\"1\"><span style=\"font-weight: 400;\">Diferentes tama\u00f1os de cojines son compatibles con el mismo marco principal. Tus expectativas siempre importan.<\/span><\/li>\n<li style=\"font-weight: 400;\" aria-level=\"1\"><span style=\"font-weight: 400;\">Hay dos tabletas de humidificaci\u00f3n disponibles para diferentes entornos.<\/span><\/li>\n<li style=\"font-weight: 400;\" aria-level=\"1\"><span style=\"font-weight: 400;\">HU es capaz de cumplir con la mayor\u00eda de sus requisitos, mientras que HU-Plus solo est\u00e1 dise\u00f1ado para su uso en \u00e1reas de gran altitud.<\/span><\/li>\n<li style=\"font-weight: 400;\" aria-level=\"1\"><span style=\"font-weight: 400;\">El filtro mantiene el flujo de aire alejado de su compa\u00f1ero de cama y mantiene el silencio para dormir mejor.<\/span><\/li>\n<li style=\"font-weight: 400;\" aria-level=\"1\"><span style=\"font-weight: 400;\">El giro de 360\u00b0 permite al usuario colocar o soltar el tubo r\u00e1pidamente. Tambi\u00e9n es compatible con varios manguitos tubulares.<\/span><\/li>\n<\/ul>\n","protected":false},"excerpt":{"rendered":"<p><span style=\"font-weight: 400;\">La Mascarilla Nasal N5H &#8211; BMC es un producto de alta calidad que ofrece comodidad y eficiencia para personas que necesitan terapia respiratoria humidificada.<\/span><\/p>\n","protected":false},"featured_media":12931,"template":"","meta":{"_joinchat":[]},"product_cat":[28,21,16],"product_tag":[],"class_list":{"0":"post-12929","1":"product","2":"type-product","3":"status-publish","4":"has-post-thumbnail","6":"product_cat-mascaras-nasales","7":"product_cat-terapia-de-sueno","8":"product_cat-home-care","10":"first","11":"instock","12":"shipping-taxable","13":"product-type-simple"},"_links":{"self":[{"href":"https:\/\/sepid.com.ar\/test\/index.php?rest_route=\/wp\/v2\/product\/12929","targetHints":{"allow":["GET"]}}],"collection":[{"href":"https:\/\/sepid.com.ar\/test\/index.php?rest_route=\/wp\/v2\/product"}],"about":[{"href":"https:\/\/sepid.com.ar\/test\/index.php?rest_route=\/wp\/v2\/types\/product"}],"version-history":[{"count":1,"href":"https:\/\/sepid.com.ar\/test\/index.php?rest_route=\/wp\/v2\/product\/12929\/revisions"}],"predecessor-version":[{"id":12933,"href":"https:\/\/sepid.com.ar\/test\/index.php?rest_route=\/wp\/v2\/product\/12929\/revisions\/12933"}],"wp:featuredmedia":[{"embeddable":true,"href":"https:\/\/sepid.com.ar\/test\/index.php?rest_route=\/wp\/v2\/media\/12931"}],"wp:attachment":[{"href":"https:\/\/sepid.com.ar\/test\/index.php?rest_route=%2Fwp%2Fv2%2Fmedia&parent=12929"}],"wp:term":[{"taxonomy":"product_cat","embeddable":true,"href":"https:\/\/sepid.com.ar\/test\/index.php?rest_route=%2Fwp%2Fv2%2Fproduct_cat&post=12929"},{"taxonomy":"product_tag","embeddable":true,"href":"https:\/\/sepid.com.ar\/test\/index.php?rest_route=%2Fwp%2Fv2%2Fproduct_tag&post=12929"}],"curies":[{"name":"wp","href":"https:\/\/api.w.org\/{rel}","templated":true}]}}